10
Let y = -54 + 53. Let t be 1/(y/4) + 595/35. Calculate the greatest common factor of 117 and t.
13
Let y = -200 + 220. Let u = -23 + 35. Calculate the greatest common divisor of y and u.
4
Let n be 16/(-24) + (3 - (-130)/6). Let w(m) be the first derivative of 5*m**3/3 + 3*m**2 + m + 4. Let s be w(-5). What is the highest common factor of n and s?
24
Let l = 572 - 702. Let i = -78 - l. Let v be 2/5 - (-386)/10. Calculate the greatest common factor of v and i.
13
Let k = 604 + -574. Suppose -f + 4*h + 47 = 0, -4*f - k*h + 150 = -27*h. Calculate the greatest common factor of f and 624.
39
Let y(n) = -n**3 + 4*n**2 + 18*n - 20. Let r be y(6). What is the greatest common factor of r and 3?
1
Let f(c) = 106*c**2 + 121*c - 28. Let o be f(-2). Calculate the greatest common divisor of o and 847.
77
Let c = 5086 + -5080. Calculate the highest common factor of c and 66.
6
Let u(f) = -f**2 - 8*f + 741. Let d be u(-30). Calculate the highest common factor of d and 108.
27
Let b = -139541 - -139649. Suppose 7*s - 2*s = -2*o + 119, 2*o = 5*s + 169. Calculate the highest common divisor of o and b.
36
Suppose 0 = 4*m - 10 - 2. Let g = -36 - -430. Let f = -346 + g. Calculate the greatest common divisor of m and f.
3
Let z = 79 + -40. Let w(i) = 76*i - 38*i - 31*i - 19 - 11. Let x be w(8). Calculate the greatest common divisor of z and x.
13
Suppose 5*o - 16 = 4. Let n(v) = 155*v - 8623. Let q be n(57). Calculate the highest common divisor of q and o.
4
Let g = -58 + 680. Suppose n + g = 4*o, 2*o - 2*n - 490 = -182. Calculate the greatest common factor of o and 13.
13
Let v(m) = 31*m**2 + 39*m - 27. Let k be v(12). What is the highest common factor of k and 45?
45
Suppose -2*w - 2*w = -28. Let r = 12027 - 12026. What is the greatest common divisor of w and r?
1
Let l be -11*6*(-20)/15. Let p be 5/((-175)/(-135)) - (-1)/7. Calculate the greatest common divisor of p and l.
4
Suppose 15*t - 1751 - 1009 = 0. Calculate the highest common divisor of t and 32.
8
Suppose 16*p = 3*p + 4940. Suppose 5*h = 4*h + p. What is the highest common factor of 19 and h?
19
Suppose 5*g - 818 = -238. Suppose 0 = a - 5*a + g. Suppose t - 4*b - 57 = 0, -3393*t + 95 = -3389*t + 3*b. What is the greatest common factor of a and t?
29
Let v(a) = a**3 - 17*a**2 + 3*a + 20. Let j be v(12). Let t = -653 - j. What is the highest common factor of 341 and t?
11
Let a(h) = h**3 - 6*h**2 + 7*h - 4. Let k be a(4). Let q = k - -33. Let m(u) = 419*u - 2908. Let g be m(7). Calculate the highest common divisor of g and q.
25
Let v(t) = 48*t + 344. Let j be v(-7). Suppose 0 = j*f - 4*f - 2*o - 52, -20 = -5*o. Calculate the greatest common divisor of 205 and f.
5
Let v(i) = i**2 - 8*i + 3. Let s be v(5). Let u = 36 + s. Suppose 1488 + 2318 = 39*r + 1466. What is the greatest common divisor of r and u?
12
Suppose 3*u - 38924 = 2*d, -u - d + 6822 = -6141. What is the highest common factor of 10 and u?
10
Suppose 0 = -165*h + 169*h - 5*f - 12, 2*h + 4*f - 32 = 0. What is the highest common factor of 1912 and h?
8
Let r = 11889 - 9830. What is the highest common divisor of r and 377?
29
Suppose s = -5*x - 2*s + 33, x - 10 = -4*s. Let q be (x - 4)/1 + 26. Calculate the greatest common divisor of 28 and q.
28
Let r(h) = 2*h**2 + 143*h - 1622. Let t be r(10). Let s(u) = -u**3 - 7*u**2 - 7*u - 5. Let n be s(-7). Calculate the greatest common divisor of n and t.
4
Let h be (2 - 61*-2) + 1. Let o = -8463 - -8538. What is the highest common divisor of h and o?
25
Let t(g) = -1. Let n(h) = 3*h - 55. Let i(r) = -n(r) + t(r). Let o be i(14). Suppose 13*u - 12 = 10*u. Calculate the greatest common factor of u and o.
4
Let i be (-54 - -52) + 1*-3. Let u be (-1 + -1)/(i/(-35)*-2). Calculate the highest common divisor of 9 and u.
1
Suppose -3748 = 28*a - 4364. Suppose -462 = -8*x + 5*x. Calculate the highest common factor of a and x.
22
Suppose 5*l + 14 = 74. Let w be l/42 + (0 - 68/(-7)). Let g be (-16)/12*(-90)/4. What is the greatest common factor of w and g?
10
Let a = -14 - -26. Suppose 11*n - 28*n = -374. Suppose 6*z = n*z - 768. Calculate the greatest common divisor of a and z.
12
Let y be (4 - 3) + (-385)/5. Suppose 13*n + 1362 = 244. Let s = y - n. Calculate the highest common divisor of 35 and s.
5
Suppose 24 + 32 = 4*c. Let o(r) = 13 + 14 + c - 2*r - 46. Let t be o(-7). What is the greatest common factor of t and 63?
9
Let w(z) = -z**2 + 10*z - 6. Let f be w(10). Let l be (-1)/(-2) - (-15087)/f. Let m be l/(-21) + 4/14. What is the highest common divisor of 24 and m?
24
Let m(x) = 16*x. Let r be m(6). Suppose -200*n + 3687 + 4363 = -3542 - 408. What is the highest common divisor of n and r?
12
Suppose -6*h + 80 + 676 = 0. What is the highest common factor of 280 and h?
14
Let d(v) = -7*v - 29*v - 25 - 2*v**2 + 6*v. Let a be d(-14). Let l = a + 27. What is the greatest common divisor of 30 and l?
30
Let p(s) = s**3 - 3*s**2 - 24. Let h be p(4). Let v be 3/(-30)*5 - 348/h. Calculate the highest common factor of v and 344.
43
Suppose 0 = -6*j - 22 - 32. Let p be 2 + -1 - (j + 9). Let n = 11 + p. Calculate the greatest common factor of n and 120.
12
Suppose 4*k = -q - 396 + 141, 138 = -2*k - 4*q. Let a = k + 109. Suppose -3*p + a = -74. What is the highest common factor of 10 and p?
10
Let d be (-9)/(-3) + 9 + 3. Suppose 5*z - 5 = -n, -z + 3*n - d = -4*z. Suppose z = 3*k - 22 - 47. Calculate the highest common factor of 161 and k.
23
Suppose 100*m - 88*m - 7248 = 0. Let a = 737 - m. What is the highest common factor of 19 and a?
19
Let a = 260 + -260. Suppose 2*d + a*v = -5*v + 135, -4*d = -v - 237. Calculate the greatest common factor of d and 10.
10
Let c(d) = 506*d + 2. Let y be c(1). Suppose -2*t = 414 - y. Let b = -615 + 1132. What is the greatest common divisor of b and t?
47
Suppose -4*q - 117 + 461 = 0. Let a = q + -75. Let v be (-32)/(-3) - 3/(-9). Calculate the greatest common factor of a and v.
11
Let n = 363 + -437. Let f = 87 + n. Calculate the greatest common divisor of 377 and f.
13
Suppose 27*p = -2*n + 30*p + 649, 4*n - 1297 = 5*p. Let w = -298 + n. Let r = -516 + 741. Calculate the greatest common factor of w and r.
25
Let j = 5295 + -5230. Calculate the highest common factor of 230 and j.
5
Suppose u = 4*u - 18. Let i(q) = -51*q + 726. Let h be i(14). What is the highest common divisor of h and u?
6
Let x = 849 - 811. What is the highest common divisor of 1026 and x?
38
Let o be (-10)/2*(-8)/4. Suppose 0 = o*y - 13*y - 216. Let r = -68 - y. What is the greatest common factor of 8 and r?
4
Suppose 242 = -4*u + 6*k + 1052, -4*u + 789 = k. What is the highest common factor of u and 1287?
99
Let x be ((-2)/2)/((-6)/12) - 165. Let l = 205 + x. What is the greatest common divisor of l and 54?
6
Let j be 4*(7 + (3 - 6)). Let o be -6 - ((-7 - -9) + -10). Let u be 23/3 + o/6. Calculate the highest common factor of j and u.
8
Suppose -86*m - 372 = -216 - 3252. Suppose -6*r = -r - 45. What is the greatest common factor of m and r?
9
Let g be 117/(-5) + 27/(-45). Let p be (-3 - g) + -3 - 3. Let y = 251 + -236. What is the greatest common divisor of y and p?
15
Suppose 91 = 5*w - 14. Suppose 46*q + 22 = 57*q. Suppose 230 = j - p, -107 - 357 = -q*j - 2*p. Calculate the greatest common divisor of w and j.
21
Let g be (-2)/(-1)*((-15)/25)/(108/(-1170)). What is the greatest common divisor of 6227 and g?
13
Suppose -726 = -36*v + 40900 + 77174. Calculate the greatest common divisor of 24 and v.
12
Suppose 3*y - 8*y + 2*z = -3, -2*y - 2*z = -4. Suppose 4*m + 1 = -s - m, 4*s - m + 109 = 0. Let j = -15 - s. Calculate the greatest common divisor of j and y.
1
Let s(m) = -3*m**3 + 3*m**2 - 3*m + 5. Let b be s(2). Let f(u) = u**3 + 11*u**2 - 28*u - 21. Let t be f(b). Calculate the highest common factor of t and 29.
1
Let m(x) = -5*x**2 + 104*x - 78. Let l be m(13). Calculate the greatest common factor of l and 330.
33
Let i be 144*(4 + 18/(-27)). Suppose 0 = -5*t + 72 + 28. What is the highest common factor of t and i?
20
Let f be 714 - 5/(5 - 10)*0. What is the highest common divisor of 210 and f?
42
Let z be (-9 - 798)/(10/(2460/(-18))). Calculate the highest common factor of 205 and z.
41
Suppose 0 + 637 = 7*v. Let o(q) = q**2 - 43*q - 19. Let l be o(-17). What is the greatest common factor of v and l?
91
S